{"id":30,"date":"2020-04-13T09:38:15","date_gmt":"2020-04-13T09:38:15","guid":{"rendered":"http:\/\/xn--lner-zeitgeschichte-59b.de\/?page_id=30"},"modified":"2020-04-16T10:17:24","modified_gmt":"2020-04-16T10:17:24","slug":"impressum","status":"publish","type":"page","link":"http:\/\/xn--lner-zeitgeschichte-59b.de\/?page_id=30","title":{"rendered":"Impressum"},"content":{"rendered":"\n<p>Anschrift des Vereins:          L\u00fcner Zeitgeschichte e.V., M\u00fcnsterstra\u00dfe 183, 44534 L\u00fcnen<\/p>\n\n\n\n<p>Telefon:                                        02306 61772 <\/p>\n\n\n\n<p>eMail:                                             info@l\u00fcner-zeitgeschichte.de<\/p>\n\n\n\n<p>Erster Vorsitzende:                 Dr. Frank Ragutt<\/p>\n\n\n\n<p>Der Verein ist unter der Nummer 7558 ins Vereinsregister beim Amtsgericht Dortmund eingetragen.<\/p>\n\n\n\n<p>Die Steuernummer ist 316\/5925\/2655.<\/p>\n\n\n\n<p><strong>Haftungsausschluss<\/strong><\/p>\n\n\n\n<p>Die Webseite stellt kein kommerzielles Angebot dar. Tipps und Hinweise sind rein freundschaftlich und nicht als eine Beratungsdienstleistung zu verstehen. F\u00fcr Sach- und Personensch\u00e4den jedweder Art, die vermeintlich aufgrund von hier entnommenen Informationen entstehen, wird keine Haftung \u00fcbernommen.<\/p>\n\n\n\n<p>Auf der Webseite finden sich ggf. Verweise auf externe Webseiten. Trotz aller Sorgfalt bei der Auswahl werden f\u00fcr die Inhalte und eventuelle Sach- oder Personensch\u00e4den jedweder Art, die aufgrund eines Besuchs dieser Webseiten \u00fcber den hier gestellten Link entstehen, keine Haftung \u00fcbernommen.<\/p>\n\n\n\n<p><strong>Datenschutz<\/strong><\/p>\n\n\n\n<p>Der kommerzielle Anbieter, \u00fcber dessen Webseiten-Creator diese Webseite generiert wird, speichert laut Selbstauskunft Daten der Besucher dieser Webseite. Dabei handelt es sich um die IP-Adresse, die pseudonymisiert wird. Die Daten dienen der statistischen Verarbeitung, die Auskunft \u00fcber die Verwendung der Webseite geben soll. Die Identit\u00e4t des Besuchers wird dem Ersteller dieser Webseite nicht bekannt gemacht.&nbsp;<\/p>\n\n\n\n<p>W\u00e4hrend des Besuchs kommen laut Selbstauskunft des kommerziellen Anbieters nur Session-Cookies zur Anwendung, um die Funktion der Webseite w\u00e4hrend des Gebrauchs optimal zu halten. Session-Cookies werden beim Schlie\u00dfen des Browsers gel\u00f6scht.<\/p>\n\n\n\n<p>S\u00e4mtliche Daten, die \u00fcber den angegebenen Kontakt erhoben werden, werden nur privat und zu keinerlei kommerziellen Zwecken verwendet. Sie werden nicht an Dritte weitergeleitet.<\/p>\n\n\n\n<p><strong>Urheber- und Nutzungsrechte<\/strong><\/p>\n\n\n\n<p>Urheber-und Nutzungsrechte f\u00fcr alle Inhalte und Werke dieser Websites liegen beim Verein. Verwendung und Verwertung der Inhalte und Werke in jeglicher Art bed\u00fcrfen einer vorhergehenden schriftlichen Genehmigung durch den Vereinsvorstand.&nbsp;<\/p>\n","protected":false},"excerpt":{"rendered":"<p>Anschrift des Vereins: L\u00fcner Zeitgeschichte e.V., M\u00fcnsterstra\u00dfe 183, 44534 L\u00fcnen Telefon: 02306 61772 eMail: info@l\u00fcner-zeitgeschichte.de Erster Vorsitzende: Dr. Frank Ragutt Der Verein ist unter der Nummer 7558 ins Vereinsregister beim Amtsgericht Dortmund eingetragen. Die Steuernummer ist 316\/5925\/2655. Haftungsausschluss Die Webseite stellt kein kommerzielles Angebot dar. Tipps und Hinweise sind rein freundschaftlich und nicht als eine &hellip; <\/p>\n<p class=\"link-more\"><a href=\"http:\/\/xn--lner-zeitgeschichte-59b.de\/?page_id=30\" class=\"more-link\"><span class=\"screen-reader-text\">\u201eImpressum\u201c<\/span> weiterlesen<\/a><\/p>\n","protected":false},"author":1,"featured_media":0,"parent":0,"menu_order":0,"comment_status":"closed","ping_status":"closed","template":"","meta":[],"_links":{"self":[{"href":"http:\/\/xn--lner-zeitgeschichte-59b.de\/index.php?rest_route=\/wp\/v2\/pages\/30"}],"collection":[{"href":"http:\/\/xn--lner-zeitgeschichte-59b.de\/index.php?rest_route=\/wp\/v2\/pages"}],"about":[{"href":"http:\/\/xn--lner-zeitgeschichte-59b.de\/index.php?rest_route=\/wp\/v2\/types\/page"}],"author":[{"embeddable":true,"href":"http:\/\/xn--lner-zeitgeschichte-59b.de\/index.php?rest_route=\/wp\/v2\/users\/1"}],"replies":[{"embeddable":true,"href":"http:\/\/xn--lner-zeitgeschichte-59b.de\/index.php?rest_route=%2Fwp%2Fv2%2Fcomments&post=30"}],"version-history":[{"count":6,"href":"http:\/\/xn--lner-zeitgeschichte-59b.de\/index.php?rest_route=\/wp\/v2\/pages\/30\/revisions"}],"predecessor-version":[{"id":95,"href":"http:\/\/xn--lner-zeitgeschichte-59b.de\/index.php?rest_route=\/wp\/v2\/pages\/30\/revisions\/95"}],"wp:attachment":[{"href":"http:\/\/xn--lner-zeitgeschichte-59b.de\/index.php?rest_route=%2Fwp%2Fv2%2Fmedia&parent=30"}],"curies":[{"name":"wp","href":"https:\/\/api.w.org\/{rel}","templated":true}]}}